nd 14016744?
696
Calculate the highest common divisor of 696 and 4924374.
174
What is the greatest common factor of 68346784 and 22?
22
Calculate the greatest common divisor of 112230 and 5490.
90
What is the greatest common factor of 110505888 and 576?
288
Calculate the greatest common factor of 33 and 498977105.
11
Calculate the greatest common divisor of 92292288 and 1958.
1958
What is the greatest common factor of 830059464 and 52?
52
What is the greatest common factor of 38065100 and 100?
100
What is the greatest common divisor of 7866 and 64350872?
874
What is the greatest common divisor of 2272368 and 672?
336
What is the highest common divisor of 88927 and 321283?
17
Calculate the greatest common divisor of 181881 and 1473.
3
What is the highest common divisor of 62774012 and 84?
28
Calculate the greatest common factor of 3408568 and 20264.
136
What is the greatest common divisor of 82 and 519676?
2
What is the highest common factor of 20511039 and 6129?
681
What is the greatest common factor of 584220 and 719355?
1365
What is the greatest common factor of 13127923 and 580?
29
Calculate the highest common factor of 3575460 and 6.
6
What is the greatest common divisor of 138616 and 544?
8
What is the highest common divisor of 2182 and 6606?
2
What is the highest common divisor of 19531780 and 151940?
2140
What is the highest common factor of 355 and 27216580?
5
What is the greatest common divisor of 1357026 and 935946?
1914
What is the highest common factor of 333697 and 19838?
91
Calculate the highest common factor of 255 and 988635.
255
Calculate the highest common factor of 589 and 654041503.
589
What is the highest common factor of 29607628 and 44?
4
Calculate the greatest common divisor of 1416 and 2413572.
708
What is the greatest common factor of 41463891 and 92127?
2247
Calculate the highest common divisor of 615546605 and 580.
145
Calculate the highest common divisor of 3348 and 39949173.
837
Calculate the greatest common divisor of 145768 and 294728.
1064
What is the highest common divisor of 9300603 and 3783?
39
Calculate the greatest common divisor of 1756532825 and 75.
25
Calculate the greatest common divisor of 92 and 10176097.
23
Calculate the greatest common divisor of 27360 and 1663317.
171
What is the highest common divisor of 1189 and 3080043?
41
Calculate the greatest common factor of 54053352 and 60.
12
Calculate the greatest common factor of 326 and 294812232.
326
What is the highest common divisor of 754 and 561979951?
377
Calculate the highest common divisor of 5 and 6249630.
5
Calculate the greatest common divisor of 12 and 2728128.
12
What is the greatest common factor of 470 and 30104534?
94
What is the highest common divisor of 77 and 1066411962?
77
Calculate the highest common divisor of 27417 and 102454517.
703
What is the highest common factor of 932 and 3313?
1
What is the greatest common factor of 2039643 and 19584?
153
What is the highest common divisor of 12204751 and 1079?
13
Calculate the highest common divisor of 557900192 and 3448.
3448
What is the greatest common divisor of 275896 and 32?
8
Calculate the highest common factor of 33712109 and 151.
151
Calculate the greatest common factor of 690 and 19196340.
30
What is the greatest common divisor of 2663630 and 14085?
1565
What is the highest common divisor of 6213 and 297243?
327
What is the highest common factor of 256102974 and 2952?
738
Calculate the highest common divisor of 370838594 and 28.
14
What is the greatest common divisor of 99906 and 33?
3
What is the greatest common divisor of 9590164 and 2?
2
Calculate the highest common factor of 7111848 and 612.
204
Calculate the greatest common divisor of 65 and 165147710.
65
Calculate the highest common divisor of 544031 and 71.
1
What is the greatest common factor of 637 and 120337?
7
What is the greatest common factor of 15549574 and 6063?
2021
Calculate the greatest common factor of 36167 and 94459.
59
What is the highest common divisor of 417816 and 10668?
84
What is the greatest common factor of 1984 and 8257904?
496
Calculate the greatest common divisor of 1111773470 and 10.
10
What is the greatest common divisor of 17387419 and 77?
7
What is the highest common factor of 249 and 325868043?
249
What is the greatest common divisor of 355 and 14826220?
355
Calculate the highest common divisor of 1700055 and 255.
15
Calculate the greatest common divisor of 38260 and 2640.
20
Calculate the highest common divisor of 368945 and 41245.
565
Calculate the greatest common factor of 428820 and 17115.
105
What is the greatest common factor of 194292062 and 570?
38
What is the highest common factor of 229953 and 3105?
3
What is the highest common divisor of 311 and 97638139?
311
What is the highest common factor of 5715413 and 2607?
869
What is the highest common factor of 2043 and 2656215?
9
Calculate the highest common divisor of 36 and 36711882.
18
Calculate the greatest common divisor of 2764 and 543483938.
1382
Calculate the highest common divisor of 651546 and 30366.
126
Calculate the highest common divisor of 472395 and 56595.
1155
What is the greatest common divisor of 6577534 and 71958?
358
What is the greatest common factor of 351 and 20064759?
39
What is the highest common factor of 3064422 and 78966?
246
Calculate the greatest common divisor of 13632 and 85488.
48
Calculate the highest common factor of 585772 and 604.
4
Calculate the greatest common factor of 3305 and 204014345.
3305
What is the greatest common divisor of 256 and 904032?
32
What is the highest common divisor of 537333634 and 388?
194
What is the greatest common factor of 2942804 and 58?
58
Calculate the greatest common divisor of 496354818 and 906.
906
Calculate the greatest common factor of 3404 and 664861.
23
Calculate the highest common divisor of 1650 and 8182614.
66
Calculate the highest common factor of 898 and 6471886.
898
What is the highest common divisor of 650 and 1330017?
13
What is the highest common factor of 459574 and 1525?
61
Calculate the highest common divisor of 280 and 2572300.
20
What is the highest common divisor of 92704112 and 16?
16
Calculate the greatest common factor of 71445120 and 381.
381
Calculate the greatest common factor of 73101 and 2765.
7
Calculate the greatest common divisor of 1912160 and 285.
95
Calculate the highest common factor of 118204891 and 651.
217
Calculate the highest common factor of 320 and 19075640.
40
Calculate the greatest common divisor of 10 and 101158790.
10
Calculate the greatest common factor of 14227255 and 303345.
3745
What is the greatest common factor of 41 and 240093991?
41
Calculate the greatest common divisor of 187966278 and 456.
114
What is the highest common factor of 2925 and 74490?
195
Calculate the greatest common divisor of 2411 and 76845803.
2411
What is the highest common divisor of 4760796 and 60?
12
Calculate the highest common divisor of 12663 and 1224559.
469
Calculate the greatest common divisor of 77 and 27802907.
11
What is the greatest common factor of 1130 and 54045?
5
What is the highest common factor of 830 and 77031304?
166
Calculate the highest common factor of 12546 and 311967.
153
Calculate the greatest common factor of 240312148 and 2692.
2692
What is the greatest common divisor of 3092 and 464269984?
3092
Calculate the greatest common divisor of 16530 and 166600360.
5510
What is the greatest common divisor of 618462 and 215514?
702
What is the highest common factor of 687544 and 2496?
104
What is the greatest common factor of 19 and 383196769?
19
Calculate the greatest common factor of 109326678 and 3.
3
What is the greatest common factor of 52302 and 2661717?
1137
Calculate the greatest common factor of 1063656 and 85.
17
Calculate the highest common divisor of 823932 and 972.
324
What is the greatest common factor of 117768 and 11676?
84
Calculate the greatest common factor of 24517952 and 7676.
404
Calculate the highest common divisor of 78099137 and 82.
41
What is the greatest common factor of 25429 and 4425?
59
What is the highest common divisor of 67470132 and 276?
276
What is the greatest common divisor of 7360339 and 49?
49
Calculate the greatest common factor of 101945888 and 2200.
88
What is the highest common factor